culate the highest common factor of 414 and 9.
9
What is the highest common factor of 4 and 20376?
4
Calculate the greatest common divisor of 2582 and 2.
2
Calculate the highest common divisor of 405 and 18.
9
Calculate the greatest common factor of 168 and 48.
24
What is the highest common divisor of 176 and 96?
16
Calculate the greatest common divisor of 154 and 528.
22
Calculate the highest common factor of 36 and 3636.
36
What is the greatest common factor of 387 and 7869?
129
Calculate the highest common divisor of 26 and 22009.
13
Calculate the highest common divisor of 1750 and 98.
14
What is the greatest common factor of 285 and 195?
15
Calculate the greatest common divisor of 408 and 340.
68
Calculate the greatest common divisor of 170 and 935.
85
Calculate the greatest common divisor of 575 and 1955.
115
Calculate the highest common divisor of 4 and 52.
4
What is the greatest common divisor of 833 and 2142?
119
Calculate the greatest common divisor of 445 and 178.
89
Calculate the greatest common divisor of 324 and 2736.
36
What is the greatest common divisor of 10 and 2?
2
Calculate the greatest common divisor of 95 and 11.
1
Calculate the highest common factor of 43 and 5504.
43
Calculate the greatest common factor of 9 and 165.
3
Calculate the highest common divisor of 20 and 135.
5
What is the highest common factor of 19546 and 232?
58
What is the greatest common divisor of 7 and 4487?
7
What is the highest common factor of 1 and 26?
1
Calculate the highest common divisor of 119 and 68.
17
Calculate the greatest common factor of 46 and 6.
2
What is the highest common divisor of 228 and 12?
12
What is the highest common divisor of 190 and 4845?
95
What is the highest common divisor of 27 and 135?
27
What is the greatest common factor of 4465 and 475?
95
Calculate the highest common factor of 5 and 5045.
5
Calculate the highest common divisor of 465 and 186.
93
Calculate the greatest common factor of 36 and 21.
3
What is the highest common factor of 4560 and 2040?
120
Calculate the highest common divisor of 25 and 800.
25
What is the greatest common divisor of 627 and 114?
57
What is the highest common divisor of 63 and 399?
21
What is the greatest common divisor of 27 and 459?
27
What is the highest common factor of 9 and 279?
9
Calculate the greatest common divisor of 266 and 28.
14
Calculate the highest common factor of 266 and 171.
19
Calculate the greatest common divisor of 48 and 112.
16
What is the highest common divisor of 15004 and 248?
124
What is the highest common divisor of 45107 and 43?
43
What is the greatest common divisor of 62 and 1333?
31
Calculate the highest common factor of 2929 and 101.
101
Calculate the highest common divisor of 23 and 115.
23
Calculate the highest common divisor of 1358 and 91.
7
What is the highest common divisor of 336 and 49?
7
Calculate the greatest common divisor of 352 and 198.
22
What is the greatest common divisor of 3 and 336?
3
What is the greatest common divisor of 186 and 837?
93
What is the highest common divisor of 464 and 720?
16
What is the greatest common divisor of 534 and 11926?
178
Calculate the highest common divisor of 2014 and 848.
106
What is the highest common divisor of 1029 and 21?
21
What is the greatest common factor of 7 and 6881?
7
Calculate the highest common divisor of 95 and 133.
19
Calculate the greatest common divisor of 504 and 1404.
36
What is the greatest common divisor of 34 and 17221?
17
What is the highest common divisor of 12 and 228?
12
What is the greatest common factor of 800 and 32?
32
Calculate the greatest common divisor of 88 and 1408.
88
Calculate the highest common factor of 33 and 253.
11
What is the highest common factor of 40 and 35060?
20
Calculate the highest common factor of 34 and 17.
17
Calculate the highest common divisor of 344 and 29756.
172
What is the greatest common factor of 14 and 1582?
14
Calculate the highest common divisor of 170 and 1970.
10
What is the greatest common divisor of 60 and 110?
10
What is the highest common factor of 506 and 22?
22
Calculate the greatest common divisor of 676 and 260.
52
Calculate the highest common divisor of 147 and 3.
3
What is the greatest common divisor of 140 and 1764?
28
Calculate the greatest common factor of 20 and 136.
4
What is the highest common factor of 240 and 45?
15
What is the highest common factor of 1967 and 7?
7
What is the greatest common divisor of 27 and 8?
1
Calculate the greatest common factor of 198 and 66.
66
What is the greatest common factor of 6 and 2202?
6
What is the greatest common factor of 200 and 8?
8
Calculate the greatest common factor of 357 and 63.
21
What is the highest common factor of 10534 and 184?
46
Calculate the greatest common divisor of 75 and 5475.
75
Calculate the highest common factor of 118 and 3776.
118
Calculate the highest common factor of 783 and 348.
87
Calculate the greatest common divisor of 144 and 216.
72
Calculate the greatest common factor of 3296 and 288.
32
What is the greatest common divisor of 25 and 415?
5
Calculate the greatest common factor of 36 and 8316.
36
Calculate the highest common factor of 540 and 195.
15
Calculate the greatest common factor of 70 and 30.
10
What is the highest common factor of 2497 and 5221?
227
What is the greatest common divisor of 17894 and 23?
23
What is the greatest common factor of 210 and 7490?
70
What is the greatest common divisor of 1250 and 50?
50
Calculate the highest common factor of 136 and 51.
17
What is the greatest common divisor of 15 and 501?
3
Calculate the highest common factor of 3928 and 8.
8
Calculate the greatest common divisor of 2537 and 59.
59
What is the highest common divisor of 2870 and 28?
14
What is the highest common factor of 80 and 22760?
40
What is the highest common divisor of 84 and 21336?
84
Calculate the greatest common factor of 561 and 99.
33
Calculate the greatest common divisor of 344 and 104.
8
What is the greatest common divisor of 168 and 48?
24
What is the greatest common factor of 4753 and 98?
49
Calculate the highest common divisor of 702 and 156.
78
Calculate the greatest common factor of 1440 and 1905.
15
What is the highest common factor of 1659 and 948?
237
Calculate the highest common factor of 24511 and 965.
193
Calculate the greatest common divisor of 25 and 9575.
25
Calculate the greatest common factor of 161 and 1.
1
What is the highest common divisor of 874 and 190?
38
What is the greatest common divisor of 16948 and 76?
76
What is the greatest common divisor of 2193 and 387?
129
What is the greatest common factor of 32 and 296?
8
What is the greatest common divisor of 896 and 728?
56
What is the highest common divisor of 115 and 69?
23
Calculate the highest common factor of 264 and 24.
24
Calculate the greatest common factor of 47 and 1.
1
What is the highest common divisor of 7 and 3?
1
What is the greatest common factor of 556 and 5977?
139
Calculate the highest common divisor of 168 and 3444.
84
What is the highest common divisor of 1115 and 35?
5
Calculate the highest common factor of 2538 and 94.
94
What is the highest common divisor of 2929 and 101?
101
What is the highest common factor of 722 and 38?
38
What is the highest common factor of 808 and 1919?
101
Calculate the greatest common divisor of 13 and 1131.
13
Calculate the highest common factor of 113 and 1.
1
Calculate the greatest common factor of 42 and 72.
6
What is the greatest common factor of 575 and 161?
23
Calculate the highest common divisor of 70 and 112.
14
What is the highest common factor of 54 and 6894?
18
What is the highest common divisor of 7 and 9023?
7
What is the greatest common divisor of 8 and 11432?
8
What is the greatest common divisor of 2580 and 60?
60
What is the greatest common divisor of 4 and 4878?
2
What is the highest common divisor of 840 and 105?
105
What is the highest common factor of 16 and 232?
8
Calculate the greatest common divisor of 161 and 69.
23
What is the greatest common divisor of 273 and 39?
39
Calculate the highest common factor of 11 and 12419.
11
What is the highest common factor of 68 and 5508?
68
Calculate the highest common divisor of 54 and 486.
54
What is the highest common factor of 8 and 18152?
8
Calculate the